 359
What are the prime factors of 3119?
3119
What are the prime factors of 45?
3, 5
List the prime factors of 201.
3, 67
List the prime factors of 110387.
167, 661
List the prime factors of 1995.
3, 5, 7, 19
List the prime factors of 429.
3, 11, 13
What are the prime factors of 92814?
2, 3, 31, 499
What are the prime factors of 2478?
2, 3, 7, 59
What are the prime factors of 6473?
6473
What are the prime factors of 669?
3, 223
List the prime factors of 23707.
151, 157
List the prime factors of 62864.
2, 3929
What are the prime factors of 21242?
2, 13, 19, 43
List the prime factors of 2053.
2053
What are the prime factors of 10014?
2, 3, 1669
List the prime factors of 47977.
47977
What are the prime factors of 1070?
2, 5, 107
List the prime factors of 81200.
2, 5, 7, 29
List the prime factors of 27144.
2, 3, 13, 29
List the prime factors of 3355.
5, 11, 61
List the prime factors of 847.
7, 11
What are the prime factors of 1096?
2, 137
List the prime factors of 1923.
3, 641
List the prime factors of 27781.
13, 2137
What are the prime factors of 5240?
2, 5, 131
What are the prime factors of 1583?
1583
What are the prime factors of 1622?
2, 811
What are the prime factors of 1283?
1283
What are the prime factors of 23858?
2, 79, 151
What are the prime factors of 44666?
2, 23, 971
List the prime factors of 6192.
2, 3, 43
What are the prime factors of 713?
23, 31
List the prime factors of 24758.
2, 12379
List the prime factors of 18623.
11, 1693
List the prime factors of 1273.
19, 67
List the prime factors of 35612.
2, 29, 307
List the prime factors of 55.
5, 11
List the prime factors of 50650.
2, 5, 1013
List the prime factors of 40125.
3, 5, 107
What are the prime factors of 1413?
3, 157
List the prime factors of 3896.
2, 487
List the prime factors of 6511.
17, 383
What are the prime factors of 6868?
2, 17, 101
What are the prime factors of 250?
2, 5
List the prime factors of 41586.
2, 3, 29, 239
List the prime factors of 60645.
3, 5, 13, 311
What are the prime factors of 951?
3, 317
What are the prime factors of 107116?
2, 61, 439
List the prime factors of 492.
2, 3, 41
List the prime factors of 43427.
43427
List the prime factors of 861.
3, 7, 41
What are the prime factors of 64?
2
What are the prime factors of 119151?
3, 1471
What are the prime factors of 109482?
2, 3, 71, 257
List the prime factors of 58177.
7, 8311
List the prime factors of 20197.
19, 1063
List the prime factors of 23121.
3, 7, 367
What are the prime factors of 4430?
2, 5, 443
List the prime factors of 89995.
5, 41, 439
List the prime factors of 17376.
2, 3, 181
List the prime factors of 37.
37
What are the prime factors of 383?
383
What are the prime factors of 1108?
2, 277
What are the prime factors of 1322?
2, 661
What are the prime factors of 48940?
2, 5, 2447
List the prime factors of 18754.
2, 9377
What are the prime factors of 29427?
3, 17, 577
What are the prime factors of 634?
2, 317
What are the prime factors of 61818?
2, 3, 10303
List the prime factors of 18518.
2, 47, 197
What are the prime factors of 2094?
2, 3, 349
What are the prime factors of 41681?
41681
What are the prime factors of 3107?
13, 239
What are the prime factors of 1436?
2, 359
What are the prime factors of 1436?
2, 359
List the prime factors of 2928.
2, 3, 61
List the prime factors of 12059.
31, 389
What are the prime factors of 16221?
3, 5407
What are the prime factors of 534?
2, 3, 89
What are the prime factors of 294?
2, 3, 7
List the prime factors of 14038.
2, 7019
What are the prime factors of 363?
3, 11
What are the prime factors of 2343?
3, 11, 71
What are the prime factors of 2320?
2, 5, 29
List the prime factors of 7762.
2, 3881
What are the prime factors of 1860?
2, 3, 5, 31
List the prime factors of 11981.
11981
List the prime factors of 12211.
12211
List the prime factors of 99762.
2, 3, 13, 1279
List the prime factors of 9130.
2, 5, 11, 83
What are the prime factors of 913?
11, 83
What are the prime factors of 8329?
8329
What are the prime factors of 7103?
7103
What are the prime factors of 515?
5, 103
What are the prime factors of 8398?
2, 13, 17, 19
List the prime factors of 2313.
3, 257
What are the prime factors of 1412?
2, 353
List the prime factors of 1045.
5, 11, 19
What are the prime factors of 22203?
3, 2467
List the prime factors of 166346.
2, 31, 2683
What are the prime factors of 1950?
2, 3, 5, 13
What are the prime factors of 151895?
5, 17, 1787
What are the prime factors of 3385?
5, 677
What are the prime factors of 748?
2, 11, 17
What are the prime factors of 6851?
13, 17, 31
List the prime factors of 2156.
2, 7, 11
What are the prime factors of 4502?
2, 2251
What are the prime factors of 34076?
2, 7, 1217
List the prime factors of 7183.
11, 653
List the prime factors of 1354.
2, 677
List the prime factors of 548.
2, 137
What are the prime factors of 3012?
2, 3, 251
List the prime factors of 443.
443
What are the prime factors of 28036?
2, 43, 163
List the prime factors of 10012.
2, 2503
List the prime factors of 884.
2, 13, 17
List the prime factors of 3523.
13, 271
What are the prime factors of 27131?
13, 2087
List the prime factors of 7668.
2, 3, 71
What are the prime factors of 4996?
2, 1249
What are the prime factors of 58837?
17, 3461
What are the prime factors of 15812?
2, 59, 67
List the prime factors of 43258.
2, 43, 503
List the prime factors of 1091.
1091
What are the prime factors of 6654?
2, 3, 1109
What are the prime factors of 926?
2, 463
List the prime factors of 7933.
7933
List the prime factors of 103623.
3, 13, 2657
What are the prime factors of 21712?
2, 23, 59
What are the prime factors of 16260?
2, 3, 5, 271
List the prime factors of 51395.
5, 19, 541
List the prime factors of 8872.
2, 1109
What are the prime factors of 603?
3, 67
What are the prime factors of 458?
2, 229
List the prime factors of 249.
3, 83
What are the prime factors of 1804?
2, 11, 41
List the prime factors of 2161.
2161
List the prime factors of 759.
3, 11, 23
What are the prime factors of 44636?
2, 11159
List the prime factors of 62.
2, 31
What are the prime factors of 1813?
7, 37
List the prime factors of 13994.
2, 6997
List the prime factors of 1334.
2, 23, 29
List the prime factors of 105537.
3, 127, 277
List the prime factors of 4988.
2, 29, 43
What are the prime factors of 54011?
54011
What are the prime factors of 11808?
2, 3, 41
What are the prime factors of 810?
2, 3, 5
What are the prime factors of 9437?
9437
List the prime factors of 2814.
2, 3, 7, 67
What are the prime factors of 5445?
3, 5, 11
What are the prime factors of 4958?
2, 37, 67
List the prime factors of 118587.
3, 7, 5647
What are the prime factors of 31012?
2, 7753
List the prime factors of 124869.
3, 107, 389
What are the prime factors of 55147?
55147
What are the prime factors of 4269?
3, 1423
What are the prime factors of 3867?
3, 1289
What are the prime factors of 33927?
3, 43, 263
List the prime factors of 41816.
2, 5227
What are the prime factors of 1576?
2, 197
What are the prime factors of 31313?
173, 181
List the prime factors of 2446.
2, 1223
What are the prime factors of 46280?
2, 5, 13, 89
What are the prime factors of 105617?
31, 3407
What are the prime factors of 7781?
31, 251
List the prime factors of 51649.
13, 29, 137
List the prime factors of 148248.
2, 3, 29, 71
What are the prime factors of 159221?
89, 1789
What are the prime factors of 35143?
113, 311
What are the prime factors of 3052?
2, 7, 109
List the prime factors of 4620.
2, 3, 5, 7, 11
List the prime factors of 646.
2, 17, 19
What are the prime factors of 6828?
2, 3, 569
List the prime factors of 10592.
2, 331
What are the prime factors of 3545?
5, 709
List the prime factors of 1305.
3, 5, 29
List the prime factors of 850.
2, 5, 17
List the prime factors of 31917.
3, 10639
What are the prime factors of 786?
2, 3, 131
What are the prime factors of 1333?
31, 43
List the prime factors of 4438.
2, 7, 317
What are the prime factors of 9788?
2, 2447
List the prime factors of 1043.
7, 149
List the prime factors of 2510.
2, 5, 251
What are the prime factors of 15169?
7, 11, 197
What are the prime factors of 2773?
47, 59
List the prime factors of 994.
2, 7, 71
What are the prime factors of 842?
2, 421
What are the prime factors o